of u.
2, 3
Let y(o) = 5*o - 1. Let a be y(1). List the prime factors of a/18 + 215/45.
5
Let d = -8 - -1. Let l be (-76)/10 + 12/(-30). List the prime factors of (1 + d)*l/12.
2
Let z be (0 + -1)/(10/(-20)). Suppose -z*l + 3*l = 12. List the prime factors of l.
2, 3
Suppose 0*k + 20 = -5*k. Let n = k - -9. Suppose n*d - d = -q + 68, 3*d + 4*q = 64. What are the prime factors of d?
2
Let j = -40 + 75. Let w = j - 18. What are the prime factors of w?
17
What are the prime factors of 1 + 4/4 + 2 + 90?
2, 47
Suppose 5*v - 257 + 42 = 0. List the prime factors of v.
43
Suppose 3 = 3*x - 3. Suppose x*i = 3*g - 57, i = 4*g + 2*i - 87. What are the prime factors of g?
3, 7
Let u = -1 - -3. Let f(j) = -2*j**2 - 34*j - 2. Let k be f(-16). Suppose -u*v - v + k = 0. List the prime factors of v.
2, 5
Let w(p) = 3*p - 4. Suppose 0 = 3*o - 2*n - 0*n - 12, o - 4 = 2*n. Let d be w(o). Let c = 13 - d. What are the prime factors of c?
5
Let c = 35 - 18. What are the prime factors of c?
17
Let w be 15/2*90/25. Let h be -32*((-2)/(-4))/(-1). Let q = w - h. List the prime factors of q.
11
Let v(a) = 2*a**2 + 4*a + 2. Suppose 4*q + 1 + 15 = 0. Let l be (q/(-6))/((-2)/6). What are the prime factors of v(l)?
2
Let i(q) = -q**3 - 4*q**2 + 5*q + 4. Let b be i(-5). Suppose 0 = b*y + 5 - 109. What are the prime factors of y?
2, 13
Let j(r) be the first derivative of 4*r**3/3 - r**2 - r - 2. Let k be j(-1). List the prime factors of (1 - 2)/(k/(-10)).
2
Suppose -4*k + 128 = -16. What are the prime factors of k?
2, 3
Let j = -298 - -426. What are the prime factors of j?
2
Suppose 4*k + 528 = 9*y - 5*y, 0 = -2*y + k + 260. List the prime factors of y.
2
Let o be (-36)/(-10) + 2/5. Suppose -2*r + 412 = 4*t, 0 = -0*t - t - 5*r + 112. List the prime factors of t/o*(-4)/(-6).
17
Let d = -4 + 1. List the prime factors of ((-14)/(4 + d))/(-1).
2, 7
Let x = 36 - 121. Let b = -58 - x. What are the prime factors of b?
3
Let y(q) = q**2 - 6*q + 2. Let d be y(6). Let n(r) = -d - 2*r + r + 0. What are the prime factors of n(-8)?
2, 3
Suppose b = 2*b - 429. List the prime factors of b.
3, 11, 13
Let y be (-8)/(-20) - 18/(-5). Let g be 6/4*42/9. Suppose -36 = -g*c + y*c. List the prime factors of c.
2, 3
Let u = 90 - 55. What are the prime factors of u?
5, 7
Let d = 9 - -1. Suppose -u - u + d = 0. Let x(g) = g**3 - 5*g**2 + g + 5. List the prime factors of x(u).
2, 5
Let l be (0 + -1)/(6/(-210)). Let u = -21 + l. List the prime factors of u.
2, 7
Suppose 3*f + 0*s - 2*s + 34 = 0, 22 = -3*f - 4*s. What are the prime factors of (0 - f) + (-5)/5?
3
List the prime factors of ((-3)/4)/((-3)/156).
3, 13
Suppose 5*p - 295 = -0*p. List the prime factors of p.
59
Suppose -5*j - 59 = -l, -l + 37 = 3*j - 22. What are the prime factors of l?
59
Suppose u + 2 = -1. List the prime factors of u*(-1 + (-10)/6).
2
Let j be 2 + (-2)/(-6)*3. Let r(p) = 5*p**j - p**3 - 7*p + 0 + 5*p**2 - 3 - 3*p**3. List the prime factors of r(-6).
3
Let w(q) = 14*q**3 - q**2 - q - 1. Let l be w(-1). Let v be (6/l)/(2/(-20)). Suppose 0*k = v*k - 16. List the prime factors of k.
2
Let x = 95 + -44. Let r = -35 + x. What are the prime factors of r?
2
Let d(c) = c**2 - c + 2. Let h be d(2). Suppose -2*o - 13 = -3*a, -3*o = -7*o + h*a - 16. List the prime factors of -2*o*(-3)/3.
2
Let r = -139 + 203. What are the prime factors of r?
2
Let n be (60/70)/((-6)/(-28)). List the prime factors of 1*3 - (-9 + n).
2
Let v(r) = r**2 + r. List the prime factors of v(4).
2, 5
Let s = 114 - 55. What are the prime factors of s?
59
Suppose -2*j - l + 5 = -3, 5*j = 2*l + 11. Suppose j*b - 15 = -0. Suppose -b*p + 69 = 4*s, 3*p + 2*p + 8 = 3*s. List the prime factors of s.
11
Let x(a) = -a**2 + 1 - a + 5*a**2 - 2*a**2. Let o be x(2). Suppose -o = -h + 4. List the prime factors of h.
11
Suppose -4*o + 605 = o. Suppose -5*a - o = -3*k, 6*a - 12 = -k + 2*a. List the prime factors of k.
2
Suppose 0*t = 4*t - 428. List the prime factors of t.
107
List the prime factors of (-2 - 0)/((-1)/18).
2, 3
Suppose -q + 146 = 3*u - 57, -4*u - 196 = -q. List the prime factors of q.
2, 5
Let a be (1 + -1)/3 - -140. Suppose 5*n = t + 4*t + a, -5*n + 116 = t. What are the prime factors of n?
2, 3
Suppose -69 = -4*i - 349. List the prime factors of (4/14)/((-5)/i).
2
Let b = -44 + 107. List the prime factors of b.
3, 7
Let n be -21 + 3*(-6)/(-9). Let t = n + 34. What are the prime factors of t?
3, 5
Let z = -97 + 68. What are the prime factors of (2 - 0)/2 - z?
2, 3, 5
Suppose -2*x - x + 4*f + 118 = 0, x + 3*f - 35 = 0. Suppose 0 = q + 4*r + 7 - x, 0 = -2*r. List the prime factors of q.
31
Let w be 7/2*2/1. Let p be (-152)/w - (-4)/(-14). Let v = -12 - p. What are the prime factors of v?
2, 5
Suppose 5*w + 9 = 89. What are the prime factors of w?
2
List the prime factors of (114/8)/(27/72).
2, 19
Let f(m) = 4*m**2 + 7*m - 7. List the prime factors of f(5).
2
Suppose 4*r - y = 4*y + 10, -5*r = -3*y - 19. Suppose 0*b = -r*b + 15. Suppose -b*f - 1 + 22 = 0. What are the prime factors of f?
7
Let o(r) = 54*r**2 - 5*r + 5. List the prime factors of o(1).
2, 3
Let g = 46 + -22. List the prime factors of g.
2, 3
Let d(m) = m**3 - 3*m - 1. Let j be d(3). Suppose -2*k - 2*g + 7 = -j, -g = -2*k + 39. List the prime factors of k.
17
Suppose 467 = 3*f + 2*c, 4*f + c + 2*c - 621 = 0. What are the prime factors of f?
3, 53
Let l = 3 + 2. What are the prime factors of l?
5
Suppose -5*b + 0*o = -o - 21, 2*b - 4*o - 12 = 0. Suppose g = -4 - b. Let l = g - -20. What are the prime factors of l?
2, 3
Let v be (-6)/9*-3 + 1. Suppose -3*j = -3*m + 24, v*m + 2*j - 28 = 11. What are the prime factors of m?
11
Let q = 1 - 0. Let y = q + 5. Let m = 10 - y. List the prime factors of m.
2
Suppose 5*b = -3*f - 137, 3*b + 5*f + 23 = -56. List the prime factors of (1/(-2))/(2/b).
7
Let n = 198 - 123. List the prime factors of n.
3, 5
Let w(k) = k**2 + 3*k + 8. Let c(q) = q - 1. Let d(z) = 3*c(z) + w(z). Let i be d(-4). List the prime factors of (-10)/((i + 2)/1).
2, 5
Suppose 2*m - 3*m = -2. Let i(j) = -j**2 + j + 2. Let a be i(m). Suppose a = -w + 5, 0 = -2*l + 5*w - 17 - 0. List the prime factors of l.
2
Suppose -d + 52 = 20. Suppose l = q + 11, l - 4*l = -4*q - d. List the prime factors of l.
2, 3
Let g(l) = -l**3 - 2*l**2 - 4*l - 3. Suppose 0 = -2*n - 0*n + 5*v + 9, 0 = n - 2*v - 3. What are the prime factors of g(n)?
2, 3
Suppose -2*c - o + 2*o = 8, -3*c = -o + 14. What are the prime factors of (-12)/8 + (-177)/c?
2, 7
Let z(g) = -g**2 + 5*g - 4. Let q be z(5). List the prime factors of (3 - 14/q)*2.
13
Let t(f) = f**2. Let b be t(-2). Suppose -60 = -5*w - 5*v, 3*w - 9 = -b*v + 25. Suppose w = 4*a - 2*m, -a = -3*m + m - 5. List the prime factors of a.
3
Let m(y) = -y**3 + 8*y**2 - 6*y - 6. Let f be m(7). What are the prime factors of f/(-2) + 345/10?
2, 17
Let q(d) = -2*d**2 - 20*d + 13. What are the prime factors of q(-9)?
31
Suppose 5*h = -3*s + 88, 3*s + 2*s + 4*h - 138 = 0. Suppose -2 - s = -4*x. List the prime factors of x.
7
Suppose 0 = -46*s + 50*s - 380. List the prime factors of s.
5, 19
Let g = -1 + 5. Suppose -2*y - z + 23 = 2*z, 24 = 2*y + g*z. List the prime factors of y.
2, 5
Let o = -62 - -109. List the prime factors of o.
47
Let z = 5 - -70. Suppose -3 + z = 3*k. List the prime factors of k.
2, 3
Let g = 0 - -29. List the prime factors of g.
29
Suppose 3*x - 148 = 245. List the prime factors of x.
131
Suppose 0 = -4*k + 2*t + t + 15, 3*t + 6 = k. Suppose -3*x + 2*c = 7 - 75, k*c + 12 = 0. What are the prime factors of x?
2, 5
Suppose 0*t = -t + 15. Let f = t + 10. What are the prime factors of f?
5
Suppose t = -5*j + 2*j - 3, -3*t + 5*j - 23 = 0. Suppose 23 = -3*m - 25. Let s = t - m. What are the prime factors of s?
2, 5
Suppose 0*p - 28 = -p. What are the prime factors of p?
2, 7
Let q(h) = h**2 + 5*h. Let t(u) = -2*u**2 - 4*u. Let v(f) = 3*q(f) + 2*t(f). What are the prime factors of v(3)?
2, 3
Let g(v) = 4*v - 3*v**2 - 2*v**2 + v**3 + 0*v**3. Let i be g(6). Suppose -i = -5*a - 3*o + o, -4*a - 3*o + 55 = 0. What are the prime factors of a?
2, 5
Let b = 14 - 10. Suppose -5*h + 2 = -p, -b*p + h + 7 = -4*h. Suppose 0 = p*g - 15, 19 = 4*r - 3*g - 2. What are the prime factors of r?
3
Let z be (1 - 4 - -1)/(-2). Let x = z - -26. List the prime factors of x.
3
Let z = 45 - -